{"id":152,"date":"2020-05-26T13:26:19","date_gmt":"2020-05-26T11:26:19","guid":{"rendered":"http:\/\/altomint.com\/?page_id=152"},"modified":"2025-04-03T10:51:29","modified_gmt":"2025-04-03T08:51:29","slug":"reprise","status":"publish","type":"page","link":"https:\/\/altomint.com\/index.php\/reprise\/","title":{"rendered":"REPRISE &#8211; TRANSMISSION d&#8217;ENTREPRISE"},"content":{"rendered":"\n<p>Je suis \u00e0 la recherche d&#8217;une entreprise \u00e0 accompagner et je propose de m&#8217;<strong><span class=\"has-inline-color has-very-dark-gray-color\">associer au business par une reprise majoritaire ou minoritaire<\/span><\/strong>.<\/p>\n\n\n\n<p><strong><span class=\"has-inline-color has-vivid-red-color\">Vous avez ce projet pour votre entreprise ?<\/span><\/strong> <br>Contactez-moi par email<strong>&nbsp;<a href=\"mailto:thierry@altomint.com\">thierry@altomint.com<\/a><\/strong> et je vous envoie ma fiche de cadrage repreneur compl\u00e8te.<br>Merci, Thierry HALLER<\/p>\n\n\n\n<h2 class=\"wp-block-heading\"><br><strong>Voici un r\u00e9sum\u00e9 de ma recherche et de mon profil d&#8217;entrepreneur.<\/strong><\/h2>\n\n\n\n<p>\ud83d\udc49 <strong><span class=\"has-inline-color has-vivid-purple-color\">MON PROJET ACTUEL<\/span><\/strong><br>\u2022 <strong>Entrepreneur repreneur<\/strong> \u00e0 la recherche d&#8217;une entreprise \u00e0 reprendre en BtoB, <strong>conception, fabrication, distribution de produits et solutions \u00e0 destination de professionnels<\/strong>.<br>\u2022 Circuits de vente en <strong>BtoB ou BtoBtoC<\/strong> (n\u00e9goces professionnels, installateurs, prescription).<br>\u2022 March\u00e9 national et <strong>potentiel de d\u00e9veloppement \u00e0 l\u2019export,<\/strong> potentiel de build-up.<br>\u2022 CA 10 \u00e0 80M\u20ac, 20-200personnes, en bonne sant\u00e9 ou avec des challenges \u00e0 relever.<br>\u2022 Potentiel de d\u00e9veloppement \u00e0 l\u2019export, potentiel de build-up.<br>\u2022 Localisation g\u00e9ographique : France, de pr\u00e9f\u00e9rence PACA, Occitanie, Auvergne-Rh\u00f4ne-Alpes OU proche d\u2019un a\u00e9roport en liaison directe avec Marseille<br>\u2022 <strong>Apport personnel disponible et r\u00e9serv\u00e9 + endettement en LBO<\/strong><br>\u2022 Acquisition en <strong>association avec fonds d\u2019investissement<\/strong> <\/p>\n\n\n\n<p>\ud83d\udc49 <strong><span class=\"has-inline-color has-vivid-purple-color\">PROFIL<\/span><\/strong><br>\u2022 Plus de <strong>20 ans directeur g\u00e9n\u00e9ral de PME\/ETI industrielles<\/strong> actives dans la conception, fabrication et distribution de produits \u00e0 destination du b\u00e2timent et de la construction.<br>\u2022 Expatriation dans plusieurs pays : Singapour, Etats-Unis, Belgique<br>\u2022 Formation d&#8217;ing\u00e9nieur \u00e0 l&#8217;<strong>Ecole Centrale Paris<\/strong> ECP + Executive MBA | <strong>EMBA \u00e0 l&#8217;INSEAD<\/strong><br>\u2022 <strong>Bilingue Anglais et Allemand<\/strong><\/p>\n\n\n\n<p>\ud83d\udc49 <strong><span class=\"has-inline-color has-vivid-purple-color\">ENTREPRENEUR<\/span><\/strong><br>\u2022 Participation \u00e0 un LBO pendant 5 ans.<br>\u2022 Actionnaire minoritaire dans une PME dirig\u00e9e, M\u00e9tal D\u00e9ploy\u00e9 pendant 3 ans<br>\u2022 <strong>BUSINESS ANGEL<\/strong> et Investisseur dans des startups par PROVENCE BUSINESS ANGELS. (15 investissements faits, membre du CS pour 3)<br>\u2022 Formation \u00e0 la reprise d\u2019entreprise \u00e0 l\u2019<strong>IRCE PACA<\/strong>.<br>\u2022 <strong>CRA<\/strong>, C\u00e9dants et repreneurs d\u2019Affaires, cession et transmission<\/p>\n\n\n\n<p>\ud83d\udc49 <strong><span class=\"has-inline-color has-vivid-purple-color\">COMPETENCES<\/span><\/strong><br>\u2022 Management d\u2019<strong>\u00e9quipes pluridisciplinaires<\/strong> (sites industriels en m\u00e9tallurgie, plasturgie et sites logistiques, \u00e9quipes commerciales terrain, marketing, service clients, bureau d\u2019\u00e9tudes, finance, informatique), <strong>de quelques salari\u00e9s jusqu\u2019\u00e0 350 personnes<\/strong>.<br>\u2022 Ventes BtoB (n\u00e9goce, centrales d\u2019achat, industriels), et BtoBtoC (GSB, installateurs), prescription.<br>\u2022<strong> D\u00e9veloppement commercial &amp; marketing international<\/strong><br>\u2022 R\u00e9alisation d\u2019une <strong>absorption\/fusion<\/strong> avec un concurrent : int\u00e9gration des \u00e9quipes, projet ERP, rationalisation gamme de produits, d\u00e9ploiement de synergies.<\/p>\n\n\n\n<figure class=\"wp-block-image size-medium\"><img loading=\"lazy\" decoding=\"async\" width=\"300\" height=\"123\" src=\"https:\/\/altomint.com\/wp-content\/uploads\/2020\/01\/cropped-1911-Logo-Altomint-avec-slogan-v3-300x123.jpg\" alt=\"\" class=\"wp-image-43\" srcset=\"https:\/\/altomint.com\/wp-content\/uploads\/2020\/01\/cropped-1911-Logo-Altomint-avec-slogan-v3-300x123.jpg 300w, https:\/\/altomint.com\/wp-content\/uploads\/2020\/01\/cropped-1911-Logo-Altomint-avec-slogan-v3.jpg 609w\" sizes=\"auto, (max-width: 300px) 100vw, 300px\" \/><\/figure>\n\n\n\n<p>Thierry HALLER &#8211;  \u00a0<a href=\"mailto:thierry@altomint.com\">thierry@altomint.com<\/a><\/p>\n\n\n\n<p><\/p>\n","protected":false},"excerpt":{"rendered":"<p>Je suis \u00e0 la recherche d&#8217;une entreprise \u00e0 accompagner et je propose de m&#8217;associer au business par une reprise majoritaire ou minoritaire. Vous avez ce projet pour votre entreprise ? Contactez-moi par email&nbsp;thierry@altomint.com et je vous envoie ma fiche de cadrage repreneur compl\u00e8te.Merci, Thierry HALLER Voici un r\u00e9sum\u00e9 de ma recherche et de mon profil &hellip; <\/p>\n<p class=\"link-more\"><a href=\"https:\/\/altomint.com\/index.php\/reprise\/\" class=\"more-link\">Continue reading<span class=\"screen-reader-text\"> &#8220;REPRISE &#8211; TRANSMISSION d&#8217;ENTREPRISE&#8221;<\/span><\/a><\/p>\n","protected":false},"author":1,"featured_media":0,"parent":0,"menu_order":0,"comment_status":"closed","ping_status":"closed","template":"","meta":{"footnotes":""},"class_list":["post-152","page","type-page","status-publish","hentry"],"_links":{"self":[{"href":"https:\/\/altomint.com\/index.php\/wp-json\/wp\/v2\/pages\/152","targetHints":{"allow":["GET"]}}],"collection":[{"href":"https:\/\/altomint.com\/index.php\/wp-json\/wp\/v2\/pages"}],"about":[{"href":"https:\/\/altomint.com\/index.php\/wp-json\/wp\/v2\/types\/page"}],"author":[{"embeddable":true,"href":"https:\/\/altomint.com\/index.php\/wp-json\/wp\/v2\/users\/1"}],"replies":[{"embeddable":true,"href":"https:\/\/altomint.com\/index.php\/wp-json\/wp\/v2\/comments?post=152"}],"version-history":[{"count":18,"href":"https:\/\/altomint.com\/index.php\/wp-json\/wp\/v2\/pages\/152\/revisions"}],"predecessor-version":[{"id":359,"href":"https:\/\/altomint.com\/index.php\/wp-json\/wp\/v2\/pages\/152\/revisions\/359"}],"wp:attachment":[{"href":"https:\/\/altomint.com\/index.php\/wp-json\/wp\/v2\/media?parent=152"}],"curies":[{"name":"wp","href":"https:\/\/api.w.org\/{rel}","templated":true}]}}